{"id":294,"date":"2023-09-22T13:31:41","date_gmt":"2023-09-22T13:31:41","guid":{"rendered":"https:\/\/www.gerloczy.com\/?page_id=294"},"modified":"2023-09-22T13:31:41","modified_gmt":"2023-09-22T13:31:41","slug":"boutique-szobak","status":"publish","type":"page","link":"https:\/\/www.gerloczy.com\/hu\/boutique-hotel\/boutique-szobak\/","title":{"rendered":"Boutique szob\u00e1k"},"content":{"rendered":"<div><\/div>\n<div class=\"lRu31\"><span class=\"HwtZe\" lang=\"hu\"><span class=\"jCAhz ChMk0b\"><span class=\"ryNqvb\">A szob\u00e1k egyedi tervez\u00e9s\u0171ek, k\u00fcl\u00f6nb\u00f6z\u0151 sz\u00ednekben, nagy ablakai a Vitkovics Mih\u00e1ly utc\u00e1ra \u00e9s a Kamermayer t\u00e9rre n\u00e9znek.<\/span><\/span> <span class=\"jCAhz ChMk0b\"><span class=\"ryNqvb\">Minden szoba king m\u00e9ret\u0171, 180 x 200 cm-es \u00e1ggyal (k\u00e9r\u00e9sre p\u00f3t\u00e1gy) \u00e9s saj\u00e1t f\u00fcrd\u0151szob\u00e1val (25 m2) rendelkezik.<\/span><\/span><\/span><\/div>\n<div class=\"UdTY9 WdefRb\" aria-hidden=\"true\" data-location=\"2\"><\/div>\n","protected":false},"excerpt":{"rendered":"<p>A szob\u00e1k egyedi tervez\u00e9s\u0171ek, k\u00fcl\u00f6nb\u00f6z\u0151 sz\u00ednekben, nagy ablakai a Vitkovics Mih\u00e1ly utc\u00e1ra \u00e9s a Kamermayer t\u00e9rre n\u00e9znek. Minden szoba king m\u00e9ret\u0171, 180 x 200 cm-es \u00e1ggyal (k\u00e9r\u00e9sre p\u00f3t\u00e1gy) \u00e9s saj\u00e1t f\u00fcrd\u0151szob\u00e1val (25 m2) rendelkezik.<\/p>\n","protected":false},"author":132,"featured_media":0,"parent":293,"menu_order":5,"comment_status":"closed","ping_status":"closed","template":"template-single-room.php","meta":{"footnotes":""},"class_list":["post-294","page","type-page","status-publish","hentry"],"yoast_head":"<!-- This site is optimized with the Yoast SEO plugin v26.9 - https:\/\/yoast.com\/product\/yoast-seo-wordpress\/ -->\n<title>Boutique szob\u00e1k - Gerl\u00f3czy Boutique Hotel -<\/title>\n<meta name=\"description\" content=\"A szob\u00e1k egyedi tervez\u00e9s\u0171ek, k\u00fcl\u00f6nb\u00f6z\u0151 sz\u00ednekben, nagy ablakai a Vitkovics Mih\u00e1ly utc\u00e1ra \u00e9s a Kamermayer t\u00e9rre n\u00e9znek. Minden szoba king m\u00e9ret\u0171, 180 x 200 cm-es \u00e1ggyal (k\u00e9r\u00e9sre p\u00f3t\u00e1gy) \u00e9s saj\u00e1t f\u00fcrd\u0151szob\u00e1val (25 m2) rendelkezik. .\" \/>\n<meta name=\"robots\" content=\"index, follow, max-snippet:-1, max-image-preview:large, max-video-preview:-1\" \/>\n<link rel=\"canonical\" href=\"https:\/\/www.gerloczy.com\/hu\/boutique-hotel\/boutique-szobak\/\" \/>\n<meta property=\"og:locale\" content=\"hu_HU\" \/>\n<meta property=\"og:type\" content=\"article\" \/>\n<meta property=\"og:title\" content=\"Boutique szob\u00e1k - Gerl\u00f3czy Boutique Hotel -\" \/>\n<meta property=\"og:description\" content=\"A szob\u00e1k egyedi tervez\u00e9s\u0171ek, k\u00fcl\u00f6nb\u00f6z\u0151 sz\u00ednekben, nagy ablakai a Vitkovics Mih\u00e1ly utc\u00e1ra \u00e9s a Kamermayer t\u00e9rre n\u00e9znek. Minden szoba king m\u00e9ret\u0171, 180 x 200 cm-es \u00e1ggyal (k\u00e9r\u00e9sre p\u00f3t\u00e1gy) \u00e9s saj\u00e1t f\u00fcrd\u0151szob\u00e1val (25 m2) rendelkezik. .\" \/>\n<meta property=\"og:url\" content=\"https:\/\/www.gerloczy.com\/hu\/boutique-hotel\/boutique-szobak\/\" \/>\n<meta property=\"og:site_name\" content=\"Gerl\u00f3czy Boutique Hotel\" \/>\n<meta name=\"twitter:card\" content=\"summary_large_image\" \/>\n<script type=\"application\/ld+json\" class=\"yoast-schema-graph\">{\"@context\":\"https:\/\/schema.org\",\"@graph\":[{\"@type\":\"WebPage\",\"@id\":\"https:\/\/www.gerloczy.com\/hu\/boutique-hotel\/boutique-szobak\/\",\"url\":\"https:\/\/www.gerloczy.com\/hu\/boutique-hotel\/boutique-szobak\/\",\"name\":\"Boutique szob\u00e1k - Gerl\u00f3czy Boutique Hotel -\",\"isPartOf\":{\"@id\":\"https:\/\/www.gerloczy.com\/hu\/#website\"},\"datePublished\":\"2023-09-22T13:31:41+00:00\",\"description\":\"A szob\u00e1k egyedi tervez\u00e9s\u0171ek, k\u00fcl\u00f6nb\u00f6z\u0151 sz\u00ednekben, nagy ablakai a Vitkovics Mih\u00e1ly utc\u00e1ra \u00e9s a Kamermayer t\u00e9rre n\u00e9znek. Minden szoba king m\u00e9ret\u0171, 180 x 200 cm-es \u00e1ggyal (k\u00e9r\u00e9sre p\u00f3t\u00e1gy) \u00e9s saj\u00e1t f\u00fcrd\u0151szob\u00e1val (25 m2) rendelkezik. .\",\"breadcrumb\":{\"@id\":\"https:\/\/www.gerloczy.com\/hu\/boutique-hotel\/boutique-szobak\/#breadcrumb\"},\"inLanguage\":\"hu\",\"potentialAction\":[{\"@type\":\"ReadAction\",\"target\":[\"https:\/\/www.gerloczy.com\/hu\/boutique-hotel\/boutique-szobak\/\"]}]},{\"@type\":\"BreadcrumbList\",\"@id\":\"https:\/\/www.gerloczy.com\/hu\/boutique-hotel\/boutique-szobak\/#breadcrumb\",\"itemListElement\":[{\"@type\":\"ListItem\",\"position\":1,\"name\":\"Home\",\"item\":\"https:\/\/www.gerloczy.com\/hu\/\"},{\"@type\":\"ListItem\",\"position\":2,\"name\":\"Boutique Hotel\",\"item\":\"https:\/\/www.gerloczy.com\/hu\/boutique-hotel\/\"},{\"@type\":\"ListItem\",\"position\":3,\"name\":\"Boutique szob\u00e1k\"}]},{\"@type\":\"WebSite\",\"@id\":\"https:\/\/www.gerloczy.com\/hu\/#website\",\"url\":\"https:\/\/www.gerloczy.com\/hu\/\",\"name\":\"Gerl\u00f3czy Boutique Hotel\",\"description\":\"Just another ms.decms.eu site\",\"potentialAction\":[{\"@type\":\"SearchAction\",\"target\":{\"@type\":\"EntryPoint\",\"urlTemplate\":\"https:\/\/www.gerloczy.com\/hu\/?s={search_term_string}\"},\"query-input\":{\"@type\":\"PropertyValueSpecification\",\"valueRequired\":true,\"valueName\":\"search_term_string\"}}],\"inLanguage\":\"hu\"}]}<\/script>\n<!-- \/ Yoast SEO plugin. -->","yoast_head_json":{"title":"Boutique szob\u00e1k - Gerl\u00f3czy Boutique Hotel -","description":"A szob\u00e1k egyedi tervez\u00e9s\u0171ek, k\u00fcl\u00f6nb\u00f6z\u0151 sz\u00ednekben, nagy ablakai a Vitkovics Mih\u00e1ly utc\u00e1ra \u00e9s a Kamermayer t\u00e9rre n\u00e9znek. Minden szoba king m\u00e9ret\u0171, 180 x 200 cm-es \u00e1ggyal (k\u00e9r\u00e9sre p\u00f3t\u00e1gy) \u00e9s saj\u00e1t f\u00fcrd\u0151szob\u00e1val (25 m2) rendelkezik. .","robots":{"index":"index","follow":"follow","max-snippet":"max-snippet:-1","max-image-preview":"max-image-preview:large","max-video-preview":"max-video-preview:-1"},"canonical":"https:\/\/www.gerloczy.com\/hu\/boutique-hotel\/boutique-szobak\/","og_locale":"hu_HU","og_type":"article","og_title":"Boutique szob\u00e1k - Gerl\u00f3czy Boutique Hotel -","og_description":"A szob\u00e1k egyedi tervez\u00e9s\u0171ek, k\u00fcl\u00f6nb\u00f6z\u0151 sz\u00ednekben, nagy ablakai a Vitkovics Mih\u00e1ly utc\u00e1ra \u00e9s a Kamermayer t\u00e9rre n\u00e9znek. Minden szoba king m\u00e9ret\u0171, 180 x 200 cm-es \u00e1ggyal (k\u00e9r\u00e9sre p\u00f3t\u00e1gy) \u00e9s saj\u00e1t f\u00fcrd\u0151szob\u00e1val (25 m2) rendelkezik. .","og_url":"https:\/\/www.gerloczy.com\/hu\/boutique-hotel\/boutique-szobak\/","og_site_name":"Gerl\u00f3czy Boutique Hotel","twitter_card":"summary_large_image","schema":{"@context":"https:\/\/schema.org","@graph":[{"@type":"WebPage","@id":"https:\/\/www.gerloczy.com\/hu\/boutique-hotel\/boutique-szobak\/","url":"https:\/\/www.gerloczy.com\/hu\/boutique-hotel\/boutique-szobak\/","name":"Boutique szob\u00e1k - Gerl\u00f3czy Boutique Hotel -","isPartOf":{"@id":"https:\/\/www.gerloczy.com\/hu\/#website"},"datePublished":"2023-09-22T13:31:41+00:00","description":"A szob\u00e1k egyedi tervez\u00e9s\u0171ek, k\u00fcl\u00f6nb\u00f6z\u0151 sz\u00ednekben, nagy ablakai a Vitkovics Mih\u00e1ly utc\u00e1ra \u00e9s a Kamermayer t\u00e9rre n\u00e9znek. Minden szoba king m\u00e9ret\u0171, 180 x 200 cm-es \u00e1ggyal (k\u00e9r\u00e9sre p\u00f3t\u00e1gy) \u00e9s saj\u00e1t f\u00fcrd\u0151szob\u00e1val (25 m2) rendelkezik. .","breadcrumb":{"@id":"https:\/\/www.gerloczy.com\/hu\/boutique-hotel\/boutique-szobak\/#breadcrumb"},"inLanguage":"hu","potentialAction":[{"@type":"ReadAction","target":["https:\/\/www.gerloczy.com\/hu\/boutique-hotel\/boutique-szobak\/"]}]},{"@type":"BreadcrumbList","@id":"https:\/\/www.gerloczy.com\/hu\/boutique-hotel\/boutique-szobak\/#breadcrumb","itemListElement":[{"@type":"ListItem","position":1,"name":"Home","item":"https:\/\/www.gerloczy.com\/hu\/"},{"@type":"ListItem","position":2,"name":"Boutique Hotel","item":"https:\/\/www.gerloczy.com\/hu\/boutique-hotel\/"},{"@type":"ListItem","position":3,"name":"Boutique szob\u00e1k"}]},{"@type":"WebSite","@id":"https:\/\/www.gerloczy.com\/hu\/#website","url":"https:\/\/www.gerloczy.com\/hu\/","name":"Gerl\u00f3czy Boutique Hotel","description":"Just another ms.decms.eu site","potentialAction":[{"@type":"SearchAction","target":{"@type":"EntryPoint","urlTemplate":"https:\/\/www.gerloczy.com\/hu\/?s={search_term_string}"},"query-input":{"@type":"PropertyValueSpecification","valueRequired":true,"valueName":"search_term_string"}}],"inLanguage":"hu"}]}},"acf":[],"_links":{"self":[{"href":"https:\/\/www.gerloczy.com\/hu\/wp-json\/wp\/v2\/pages\/294","targetHints":{"allow":["GET"]}}],"collection":[{"href":"https:\/\/www.gerloczy.com\/hu\/wp-json\/wp\/v2\/pages"}],"about":[{"href":"https:\/\/www.gerloczy.com\/hu\/wp-json\/wp\/v2\/types\/page"}],"author":[{"embeddable":true,"href":"https:\/\/www.gerloczy.com\/hu\/wp-json\/wp\/v2\/users\/132"}],"replies":[{"embeddable":true,"href":"https:\/\/www.gerloczy.com\/hu\/wp-json\/wp\/v2\/comments?post=294"}],"version-history":[{"count":0,"href":"https:\/\/www.gerloczy.com\/hu\/wp-json\/wp\/v2\/pages\/294\/revisions"}],"up":[{"embeddable":true,"href":"https:\/\/www.gerloczy.com\/hu\/wp-json\/wp\/v2\/pages\/293"}],"wp:attachment":[{"href":"https:\/\/www.gerloczy.com\/hu\/wp-json\/wp\/v2\/media?parent=294"}],"curies":[{"name":"wp","href":"https:\/\/api.w.org\/{rel}","templated":true}]}}

Boutique szobák

<div></div>
<div class="lRu31"><span class="HwtZe" lang="hu"><span class="jCAhz ChMk0b"><span class="ryNqvb">A szobák egyedi tervezésűek, különböző színekben, nagy ablakai a Vitkovics Mihály utcára és a Kamermayer térre néznek.</span></span> <span class="jCAhz ChMk0b"><span class="ryNqvb">Minden szoba king méretű, 180 x 200 cm-es ággyal (kérésre pótágy) és saját fürdőszobával (25 m2) rendelkezik.</span></span></span></div>
<div class="UdTY9 WdefRb" aria-hidden="true" data-location="2"></div>

<p>A szobák egyedi tervezésűek, különböző színekben, nagy ablakai a Vitkovics Mihály utcára és a Kamermayer térre néznek. Minden szoba king méretű, 180 x 200 cm-es ággyal (kérésre pótágy) és saját fürdőszobával (25 m2) rendelkezik.</p>

<!-- This site is optimized with the Yoast SEO plugin v26.9 - https://yoast.com/product/yoast-seo-wordpress/ -->
<title>Boutique szobák - Gerlóczy Boutique Hotel -</title>
<meta name="description" content="A szobák egyedi tervezésűek, különböző színekben, nagy ablakai a Vitkovics Mihály utcára és a Kamermayer térre néznek. Minden szoba king méretű, 180 x 200 cm-es ággyal (kérésre pótágy) és saját fürdőszobával (25 m2) rendelkezik. ." />
<meta name="robots" content="index, follow, max-snippet:-1, max-image-preview:large, max-video-preview:-1" />
<link rel="canonical" href="https://www.gerloczy.com/hu/boutique-hotel/boutique-szobak/" />
<meta property="og:locale" content="hu_HU" />
<meta property="og:type" content="article" />
<meta property="og:title" content="Boutique szobák - Gerlóczy Boutique Hotel -" />
<meta property="og:description" content="A szobák egyedi tervezésűek, különböző színekben, nagy ablakai a Vitkovics Mihály utcára és a Kamermayer térre néznek. Minden szoba king méretű, 180 x 200 cm-es ággyal (kérésre pótágy) és saját fürdőszobával (25 m2) rendelkezik. ." />
<meta property="og:url" content="https://www.gerloczy.com/hu/boutique-hotel/boutique-szobak/" />
<meta property="og:site_name" content="Gerlóczy Boutique Hotel" />
<meta name="twitter:card" content="summary_large_image" />
<script type="application/ld+json" class="yoast-schema-graph">{"@context":"https://schema.org","@graph":[{"@type":"WebPage","@id":"https://www.gerloczy.com/hu/boutique-hotel/boutique-szobak/","url":"https://www.gerloczy.com/hu/boutique-hotel/boutique-szobak/","name":"Boutique szobák - Gerlóczy Boutique Hotel -","isPartOf":{"@id":"https://www.gerloczy.com/hu/#website"},"datePublished":"2023-09-22T13:31:41+00:00","description":"A szobák egyedi tervezésűek, különböző színekben, nagy ablakai a Vitkovics Mihály utcára és a Kamermayer térre néznek. Minden szoba king méretű, 180 x 200 cm-es ággyal (kérésre pótágy) és saját fürdőszobával (25 m2) rendelkezik. .","breadcrumb":{"@id":"https://www.gerloczy.com/hu/boutique-hotel/boutique-szobak/#breadcrumb"},"inLanguage":"hu","potentialAction":[{"@type":"ReadAction","target":["https://www.gerloczy.com/hu/boutique-hotel/boutique-szobak/"]}]},{"@type":"BreadcrumbList","@id":"https://www.gerloczy.com/hu/boutique-hotel/boutique-szobak/#breadcrumb","itemListElement":[{"@type":"ListItem","position":1,"name":"Home","item":"https://www.gerloczy.com/hu/"},{"@type":"ListItem","position":2,"name":"Boutique Hotel","item":"https://www.gerloczy.com/hu/boutique-hotel/"},{"@type":"ListItem","position":3,"name":"Boutique szobák"}]},{"@type":"WebSite","@id":"https://www.gerloczy.com/hu/#website","url":"https://www.gerloczy.com/hu/","name":"Gerlóczy Boutique Hotel","description":"Just another ms.decms.eu site","potentialAction":[{"@type":"SearchAction","target":{"@type":"EntryPoint","urlTemplate":"https://www.gerloczy.com/hu/?s={search_term_string}"},"query-input":{"@type":"PropertyValueSpecification","valueRequired":true,"valueName":"search_term_string"}}],"inLanguage":"hu"}]}</script>
<!-- / Yoast SEO plugin. -->

Boutique szobák - Gerlóczy Boutique Hotel -

A szobák egyedi tervezésűek, különböző színekben, nagy ablakai a Vitkovics Mihály utcára és a Kamermayer térre néznek. Minden szoba king méretű, 180 x 200 cm-es ággyal (kérésre pótágy) és saját fürdőszobával (25 m2) rendelkezik. .

Gerlóczy Boutique Hotel
